, 17, 73
What are the prime factors of 104936?
2, 13, 1009
What are the prime factors of 299841?
3, 89, 1123
List the prime factors of 67586.
2, 47, 719
List the prime factors of 1901748.
2, 3, 19, 439
List the prime factors of 8005625.
5, 12809
What are the prime factors of 2733046?
2, 1366523
List the prime factors of 302744.
2, 13, 41, 71
List the prime factors of 208125.
3, 5, 37
List the prime factors of 329984.
2, 1289
What are the prime factors of 15599475?
3, 5, 19, 41, 89
What are the prime factors of 245480?
2, 5, 17, 19
List the prime factors of 24567751.
13, 83, 22769
What are the prime factors of 12034895?
5, 17, 141587
List the prime factors of 606103.
41, 14783
List the prime factors of 10308536.
2, 7, 184081
List the prime factors of 491862.
2, 3, 7, 239
What are the prime factors of 6090206?
2, 3045103
What are the prime factors of 1310619?
3, 347, 1259
List the prime factors of 119929.
119929
List the prime factors of 17926382.
2, 8963191
List the prime factors of 636119.
11, 57829
What are the prime factors of 21929883?
3, 397, 18413
What are the prime factors of 3505138?
2, 7, 13, 19259
List the prime factors of 182037.
3, 60679
What are the prime factors of 22282060?
2, 5, 19, 191, 307
List the prime factors of 1401382.
2, 157, 4463
List the prime factors of 1816560.
2, 3, 5, 29
What are the prime factors of 2556203?
13, 19, 79, 131
What are the prime factors of 410662?
2, 7, 29333
List the prime factors of 10912963.
17, 691, 929
List the prime factors of 4049457.
3, 223, 6053
List the prime factors of 506452.
2, 126613
What are the prime factors of 5759094?
2, 3, 11, 71, 1229
List the prime factors of 31737059.
367, 86477
List the prime factors of 353585.
5, 70717
List the prime factors of 1718529.
3, 572843
What are the prime factors of 3072644?
2, 768161
List the prime factors of 596849.
11, 29, 1871
List the prime factors of 474773.
13, 59, 619
What are the prime factors of 195491?
19, 10289
List the prime factors of 2301232.
2, 143827
List the prime factors of 110846.
2, 19, 2917
List the prime factors of 133642.
2, 66821
What are the prime factors of 317660?
2, 5, 7, 2269
What are the prime factors of 993481?
993481
List the prime factors of 3885858.
2, 3, 59, 3659
List the prime factors of 428989.
11, 59, 661
What are the prime factors of 129506?
2, 13, 17, 293
List the prime factors of 489924.
2, 3, 31, 439
What are the prime factors of 1507519?
13, 115963
What are the prime factors of 83573?
7, 11939
List the prime factors of 2508806.
2, 409, 3067
List the prime factors of 462103.
462103
List the prime factors of 11909155.
5, 199, 11969
What are the prime factors of 866413?
71, 12203
List the prime factors of 248295.
3, 5, 16553
What are the prime factors of 15139104?
2, 3, 179, 881
List the prime factors of 4954556.
2, 167, 7417
What are the prime factors of 91205?
5, 17, 29, 37
List the prime factors of 1890731.
1890731
What are the prime factors of 21489517?
7, 3069931
List the prime factors of 532380.
2, 3, 5, 19, 467
List the prime factors of 9543239.
17, 561367
What are the prime factors of 1753107?
3, 311, 1879
What are the prime factors of 415337?
13, 43, 743
What are the prime factors of 7036113?
3, 7, 17, 19709
List the prime factors of 2023107.
3, 43, 15683
What are the prime factors of 2657851?
7, 379693
What are the prime factors of 2043949?
29, 70481
What are the prime factors of 19996?
2, 4999
What are the prime factors of 653069?
659, 991
What are the prime factors of 207787?
47, 4421
List the prime factors of 639736.
2, 79967
List the prime factors of 2797954.
2, 1398977
What are the prime factors of 632315?
5, 17, 43, 173
List the prime factors of 9552359.
607, 15737
What are the prime factors of 944259?
3, 163, 1931
What are the prime factors of 6671948?
2, 883, 1889
List the prime factors of 35782.
2, 17891
What are the prime factors of 500638?
2, 53, 4723
What are the prime factors of 233078?
2, 116539
List the prime factors of 355401.
3, 13163
What are the prime factors of 5957775?
3, 5, 26479
What are the prime factors of 15357549?
3, 257, 19919
What are the prime factors of 11916803?
31, 47, 8179
What are the prime factors of 4832277?
3, 23, 59, 1187
What are the prime factors of 86964?
2, 3, 7247
What are the prime factors of 11790580?
2, 5, 589529
List the prime factors of 8104267.
569, 14243
What are the prime factors of 116292?
2, 3, 11, 881
What are the prime factors of 169840?
2, 5, 11, 193
List the prime factors of 8456857.
61, 138637
What are the prime factors of 229729?
19, 107, 113
What are the prime factors of 1335810?
2, 3, 5, 7, 6361
What are the prime factors of 1278627?
3, 7, 60887
What are the prime factors of 384065?
5, 11, 6983
List the prime factors of 39775136.
2, 859, 1447
What are the prime factors of 218024?
2, 27253
List the prime factors of 11873581.
11873581
List the prime factors of 3602807.
13, 373, 743
What are the prime factors of 1021248?
2, 3, 197
What are the prime factors of 571060?
2, 5, 7, 4079
List the prime factors of 2880019.
29, 47, 2113
List the prime factors of 380450.
2, 5, 7, 1087
List the prime factors of 24991561.
7, 3570223
List the prime factors of 273020.
2, 5, 11, 17, 73
What are the prime factors of 1444049?
167, 8647
What are the prime factors of 232720?
2, 5, 2909
What are the prime factors of 362229?
3, 7, 47, 367
List the prime factors of 1267762.
2, 491, 1291
What are the prime factors of 10389314?
2, 13, 19, 21031
What are the prime factors of 696829?
7, 14221
List the prime factors of 5814170.
2, 5, 17, 23, 1487
List the prime factors of 955486.
2, 7, 139, 491
List the prime factors of 256703.
23, 11161
List the prime factors of 416615.
5, 97, 859
What are the prime factors of 54574?
2, 13, 2099
List the prime factors of 24475892.
2, 7, 151, 827
What are the prime factors of 10325?
5, 7, 59
What are the prime factors of 22424757?
3, 2129, 3511
What are the prime factors of 1066703?
11, 96973
List the prime factors of 4241556.
2, 3, 11, 10711
What are the prime factors of 108107?
108107
List the prime factors of 33041450.
2, 5, 13, 50833
List the prime factors of 8796316.
2, 19, 115741
List the prime factors of 3445040.
2, 5, 43063
What are the prime factors of 249610?
2, 5, 109, 229
What are the prime factors of 146027?
7, 23, 907
List the prime factors of 304017.
3, 7, 31, 467
What are the prime factors of 19378?
2, 9689
List the prime factors of 7458467.
89, 181, 463
List the prime factors of 71142.
2, 3, 71, 167
What are the prime factors of 5887118?
2, 2943559
What are the prime factors of 1535558?
2, 283, 2713
What are the prime factors of 2523777?
3, 841259
List the prime factors of 28399702.
2, 277, 51263
What are the prime factors of 4175785?
5, 349, 2393
List the prime factors of 470223.
3, 13, 4019
List the prime factors of 226702.
2, 7, 16193
What are the prime factors of 1619095?
5, 323819
What are the prime factors of 36629286?
2, 3, 1811, 3371
What are the prime factors of 1222721?
587, 2083
What are the prime factors of 120227?
109, 1103
List the prime factors of 6763828.
2, 31, 54547
List the prime factors of 1902165.
3, 5, 211, 601
List the prime factors of 47000.
2, 5, 47
What are the prime factors of 158549?
331, 479
What are the prime factors of 95734?
2, 151, 317
What are the prime factors of 9067334?
2, 47, 96461
What are the prime factors of 8060019?
3, 11, 244243
What are the prime factors of 10175972?
2, 577, 4409
What are the prime factors of 627764?
2, 156941
What are the prime factors of 5000193?
3, 11, 17, 2971
List the prime factors of 2425415.
5, 29, 43, 389
List the prime factors of 15133725.
3, 5, 67261
What are the prime factors of 1659242?
2, 13, 4909
What are the prime factors of 8349274?
2, 29, 143953
What are the prime factors of 7769777?
443, 17539
What are the prime factors of 13531022?
2, 173, 39107
What are the prime factors of 240379?
240379
What are the prime factors of 33921?
3, 3769
List the prime factors of 788237.
31, 47, 541
List the prime factors of 198946.
2, 11, 9043
List the prime factors of 14075717.
631, 22307
List the prime factors of 1184427.
3, 101, 1303
What are the prime factors of 455380?
2, 5, 22769
What are the prime factors of 8267739?
3, 43, 64091
What are the prim